*h**4 + 0 - h + 1/5*h**5. Calculate q(1).
3
Let o(t) = -t**3 + t**2 + t - 1. Let r(d) = -7*d**3 + d**2 + 8*d - 2. Let p(l) = -l + 2. Let a be p(-4). Let z(g) = a*o(g) - r(g). Calculate z(-5).
6
Let b = -28 - -20. Suppose -3*a - 16 = -4*m, 3*a + 9 + 11 = 2*m. Let c = b - a. Let k(w) = w**3 + w**2 - 4. Determine k(c).
-4
Suppose 2*c + 2*l = 16, 11 = c - 2*l + 4*l. Let m(h) = 2*h**2 + c + 6*h**2 - 5*h + 0 - 7*h**2. Determine m(4).
1
Let h(o) = 12*o**2 - 124*o - 28. Let y(n) = 3*n**2 - 28*n - 6. Let k(j) = -2*h(j) + 9*y(j). Let x be 1 + (1 - (-1)/1). Suppose x = 4*f - 5. Give k(f).
6
Let j be (-24)/(-56) - (-92)/14. Let i = j + -4. Let a(r) = -2 + 0*r - i*r - r**2 + 7*r + r. Determine a(5).
-2
Let i(j) = j - 1. Let v be -4 + (-7)/(-14)*8. Give i(v).
-1
Let b(u) = u**2 - 4*u - 3. Let v(j) = j**2 - 2*j - 4. Let d be v(3). Let r be 7 + 0 + 2/d. Calculate b(r).
2
Let s(x) = -x**3 - 6*x**2 - 4*x + 5. Let f(j) be the third derivative of j**4/24 + j**3/2 - j**2. Let h be f(-8). Determine s(h).
0
Let l(q) be the third derivative of 4/3*q**3 - 1/60*q**5 - 4*q**2 + 0 + 0*q + 7/24*q**4. Suppose 4*s + 8 = -h, h + s = 4 - 0. What is l(h)?
0
Let f(y) = y - 11. Let l(p) = -8. Let c(o) = 4*f(o) - 6*l(o). What is c(-2)?
-4
Let a(q) = -3*q**2 - 14*q - 10. Let r be a(-5). Let x be (-8)/(-20) - 114/r. Let f(j) = j**2 - 7*j - 2. Give f(x).
6
Let m be (-4 + 46/4)*2. Let d be -3*m/(-9) - 2. Let v(x) = -12*x - 3 + 9*x - x**3 + 3*x**2 + 4*x. Calculate v(d).
0
Let k(h) = 2*h - 10. Let d(f) = -3*f + 20. Let u(c) = c**3 - c**2 - 6*c + 5. Let i be u(3). Let x(m) = i*k(m) + 3*d(m). What is x(-9)?
1
Let l(q) = 3*q**3 - 3*q**2 + 9*q. Let b(f) = 7*f**3 - 3*f**2 + 18*f + 1. Let s(k) = 2*b(k) - 5*l(k). Give s(8).
-6
Let j(c) be the second derivative of 8*c + 0 - 1/6*c**3 - 7/2*c**2. Give j(-3).
-4
Let t(l) = l**2 - l + 2. Let z(o) be the second derivative of o**5/20 + o**4/12 - o**3/6 - o**2 + 3*o. Let j be z(2). Suppose -5*x = -28 + j. Calculate t(x).
14
Let f(v) = 3*v**2 - 14*v - 3. Let u(m) = -4*m**2 + 8*m + 4. Let n(q) = -q**2 + q + 1. Let z(g) = 3*n(g) - u(g). Let o(p) = 4*f(p) - 11*z(p). Give o(2).
1
Suppose -5*m - 214 = -54. Let j = -28 - m. Let b(o) = o**3 - 3*o**2 - 3*o - 4. Calculate b(j).
0
Let i(y) = -y**3 + y**2 - 3*y - 13. Let f be i(-2). Let v(t) = 6*t + 10. Let b(w) = -7*w - 11. Let p(z) = -4*b(z) - 5*v(z). Determine p(f).
-16
Let g(f) = -f**3 - 3*f**2 + 5*f - 12. Suppose -s - n = 0, 6*n - 18 = -4*s - 8. Give g(s).
13
Let u(b) = b**2. Let i(r) = -2*r**2 + 4*r + 3. Let y(f) = 2*i(f) + 6*u(f). Calculate y(-4).
6
Let h(z) = -z**3 + z + 6. Let t be h(2). Let b(m) be the third derivative of -2/15*m**5 + t*m**3 + 0 + 0*m**4 + 0*m + 4*m**2. What is b(-1)?
-8
Let n(u) = 4 + 20774*u**3 + 4*u**2 - 5 + 1 - 20773*u**3. Let y = -7 - -3. What is n(y)?
0
Suppose 27*c = 3*x + 30*c - 21, -2*x + 12 = 3*c. Let p(o) = o**2 - 8*o + 13. What is p(x)?
22
Let n(p) = p + 1. Let s be n(6). Suppose s - 13 = -3*d. Let y(l) = 8*l + 0*l**2 + l**2 - l**d + 1 - l**2. Determine y(7).
8
Let h = -23 - -26. Suppose -h = -2*o + 1. Let g(z) = 2*z + 2*z + o*z**2 - 2 - 7*z + z**3. Give g(-3).
-2
Let m(t) = -3*t - 12. Let c = 62 + -67. Calculate m(c).
3
Suppose -2*h - w + 21 = 0, 3*h + 5*w - 63 + 14 = 0. Let a(u) = h - u**2 - 5 + 7*u - 6. Determine a(5).
7
Let h(u) = 6*u + 94. Let l be h(-17). Let q(k) = -k**3 - 9*k**2 - 8*k + 10. What is q(l)?
10
Let f(t) be the second derivative of -t**3/6 + 6*t**2 + 11*t. Let z be f(13). Let w(d) = d**2 + 3*d + 1. Calculate w(z).
-1
Let s(p) = p**2 + 3*p + 2. Let f be s(-2). Let d(i) = -10 + f*i - 5*i - 1 + 3*i. Determine d(-9).
7
Let b be (14/(-4))/((-2)/4). Let c(w) = -17*w**2 - 36*w + 10. Let u(g) = 3*g**2 + 5*g - 2. Let s(q) = -c(q) - 6*u(q). Determine s(b).
-5
Suppose 3*y + 1 = d, -2*d - y + 4*y - 1 = 0. Let w(q) be the second derivative of 1/3*q**4 + 0*q**3 - 1 - 1/2*q**2 - 2*q. What is w(d)?
15
Let n(s) = -6*s + 9*s - 3*s**2 + 4*s**2 + s. Suppose v + 19 - 13 = 0. Calculate n(v).
12
Let y(v) = -8*v + 1. Let x = -4 + 5. Let p be y(x). Let s be (1 + 1)*p/14. Let i(o) = -5*o**3 + o**2 - 1. Give i(s).
5
Let i(v) be the second derivative of v**4/12 + 11*v**3/6 + 5*v**2/2 - 4*v. Let p be (10/8)/(7/(-56)). Determine i(p).
-5
Let g(z) = z**3 - z**2 - 2*z. Let x be g(0). Suppose -3*s = -x + 3. Let c(n) = -10*n. Give c(s).
10
Let n(i) = -i**3 - 6*i**2 - 3*i + 5. Suppose -96*w + 51*w = 225. Determine n(w).
-5
Let t(h) be the third derivative of h**5/60 - h**4/4 + h**3 + 29*h**2. Let w be ((-18)/8)/(21/(-56)). Determine t(w).
6
Let o(c) = -c**2 + 13*c - 15. Let t(h) = h**2 - 10*h. Let z be t(11). Calculate o(z).
7
Let i(m) = -2*m - 17. Let p(x) = -3*x - 39. Let z(c) = -5*i(c) + 2*p(c). Suppose 4*q = -q + 35. Let u(y) = -3*y - 5. Let t(n) = q*u(n) + 5*z(n). Give t(0).
0
Let v(x) = 20*x**2 + 2*x + 4 - 3 - 25*x**2 - 4. Calculate v(2).
-19
Let z(w) = -5*w**3 + w**2 + 3*w + 2. Let p be z(-1). Let x(q) = -2*q**2 + p + 3*q**2 - 2*q - 4 - 2*q**2. Give x(-3).
-2
Let j(k) = 2*k**3 - 4 + k - k**3 - 1 - 9*k**2 + 4*k**2. Let c be (1 - 0/5) + 3. Calculate j(c).
-17
Let x(c) = c**2 + 0 - 9 - 7*c - 2*c**2. Let s(l) = 2*l**2 - 38*l - 246. Let q be s(24). Determine x(q).
-3
Let z(g) = -g**3 - 5*g**2 + 8*g + 9. Let v = -58 + 85. Suppose 5*i + 4*n = -v - 19, -34 = 3*i + 4*n. Calculate z(i).
-3
Let m(s) = -3*s**2 + 3*s**2 - 6*s + s**2 + 6. Let y(x) = x**3 - 6*x**2 - 5*x + 8. Let i(d) = d**2. Let u(w) = 3*i(w) + y(w). Let k be u(4). What is m(k)?
-2
Let a(j) = -24*j - 18. Let d(c) = -8*c - 6. Let b(f) = -2*a(f) + 7*d(f). Give b(-4).
26
Suppose -24*q + 22*q = -46. Suppose 2*w - q = -7. Let m(s) = -s**3 + 9*s**2 - 6*s - 8. Calculate m(w).
8
Let l(b) = b**3 + 6*b**2 + b + 6. Let m be 1*(-16 - -1 - -3). Let w be -10 - m/(6/2). What is l(w)?
0
Let t(y) be the second derivative of y**5/60 + y**4/3 + 5*y**3/6 - 19*y. Let n(j) be the second derivative of t(j). Give n(-7).
-6
Let l = -52 + 47. Let t(n) = -8*n**2 - 3*n + 5*n**3 + 2*n**3 + 6 + 2*n - 3*n**3. Let b(c) = -c**3 + c**2 - 1. Let r(v) = l*b(v) - t(v). Give r(-3).
-4
Let s(x) be the third derivative of x**8/6720 + x**7/420 - 7*x**6/720 - x**5/120 - 19*x**4/24 - 17*x**2. Let h(a) be the second derivative of s(a). Give h(-7).
-1
Let t(b) = -b**3 - 3*b**2 + 1. Let z be (5 + -2 + 3)*(-2)/(-6). Determine t(z).
-19
Let p(m) = 2*m + 2. Let q(h) = -h**3 - 8*h + 56*h - 4*h - 6*h**2 - 6*h**2 - 19. Let r be q(-15). Determine p(r).
-6
Let k(l) = -l**2 - 8*l - 2. Let g(c) = -47*c + 48*c - 4 + 4. Suppose 0 = -4*q + q + 3. Let f(v) = q*k(v) + 5*g(v). Calculate f(-3).
-2
Let w(l) = 3*l**3 + 2*l**2 - l - 5. Let n(q) = -2*q**3 - 2*q**2 + q + 4. Let b(h) = -4*n(h) - 3*w(h). Let u(y) = 2*y**2 - 35*y - 16. Let x be u(18). Give b(x).
-3
Let b(f) = -f**3 - f**2 - f - 3. Suppose -k - 3*k - z = 0, -4*z = 4*k. Let w(o) = o + 3. Let j be w(k). Suppose 0 = c + j*c. Give b(c).
-3
Let j(r) be the first derivative of r**4/4 + 2*r**3 - 7*r**2/2 - 5*r - 184. Give j(-7).
-5
Let p(o) = -24 + 5 + 8 + 4 - 47*o + 33*o. Calculate p(-3).
35
Let m(w) = 5*w**2 - 2*w + 1. Let u be (6/(-10))/(1/(-5)). Suppose -u*l = -0*l + 12. Let s = 5 + l. Calculate m(s).
4
Let l(d) = -15*d - 6. Let v(r) = 5*r + 2. Let t(x) = 3*l(x) + 8*v(x). Calculate t(-3).
13
Suppose -4*f = -481 + 513. Let s(d) = 4*d + 6. Determine s(f).
-26
Let r(h) = 85*h + 29. Let c(g) = -36*g - 14. Let u(f) = 7*c(f) + 3*r(f). What is u(8)?
13
Let i(k) = -7 + 5*k**2 + 2*k + 12 + 70*k**3 - 4*k**2 + 4*k**2 - 69*k**3. Determine i(-4).
13
Let v(c) = 2*c**2 + 7*c - 2. Let i = 6 - -25. Suppose -1821*a + 1817*a = -104. Let p = a - i. Determine v(p).
13
Let r(a) = -3*a**3 - 16*a**2 + 2*a + 9. Let w(l) = -l**3 - 5*l**2 + l + 3. Let f(v) = 2*r(v) - 7*w(v). What is f(-2)?
7
Let q(j) be the third derivative of j**5/60 + j**3/6 + 145*j**2. Calculate q(-1).
2
Let v = 26 + -24. Let x(o) be the second derivative of 0 + 5/6*o**3 + 1/20*o**5 + 7/12*o**4 + o - 7/2*o**v. Give x(-6).
-1
Let u(w) = -w**2 - w + 2. Let k(p) = p**2 + 8*p + 12. Let z be k(-8). Let t(y) = 20*y**2 - z*y + 11 - 2 - 21*y**2. Let h be t(-13). Determine u(h).
-10
Let n(s) = 5*s - 14. Let g be n(2). Let w(o) = o**3 + 3*o**2 + 2*o - 5. Give w(g).
-29
Let m be (3 + (-153)/45)*-25. Let o(r) = -r**3 - 11*r**2 - 9*r - 12. Let w(k) = -2*k**3 - 12*k**2 - 9*k - 12. Let n(j) = 3*o(j) - 2